 + 10 - 11 + 2*u**2. Calculate m(3).
-4
Let o(p) = -p**3 + 2*p**2 + p - 1. Let d be ((-36)/(-4))/3 - -2. Suppose -d*a + a + 4 = 0. Calculate o(a).
1
Let w(c) be the third derivative of c**5/60 + c**4/6 + 2*c**3/3 - 10*c**2. What is w(-5)?
9
Let k(u) = u**3 + 8*u**2 + 6*u - 11. Let m(b) = 3*b**3 + 24*b**2 + 18*b - 32. Let w(r) = -17*k(r) + 6*m(r). Determine w(-7).
2
Let o(u) be the first derivative of -u**2/2 - 8*u + 12. Calculate o(-7).
-1
Let t = 6 + -2. Let f(g) be the third derivative of 0 - 1/120*g**6 + 0*g**t + 1/6*g**3 + 0*g + 1/60*g**5 - g**2. Determine f(2).
-3
Let t(i) = -1 + 0 + 3 - 4 + 3*i. Give t(6).
16
Let o(f) = f**2 + 6*f - 5. Let s(r) be the second derivative of 5/2*r**2 + 5/3*r**3 + 0 + 3*r + 1/20*r**5 - r**4. Let n be s(11). Determine o(n).
-5
Let z(a) = -a + 7. Let y be -1 - (-5)/(10/4). Suppose -b - y = -6. What is z(b)?
2
Let k(r) be the third derivative of r**6/120 + r**5/12 + r**4/12 + r**3/2 + r**2. Let a be (-45)/(-6)*14/(-21). Calculate k(a).
-7
Let v(n) be the second derivative of n**6/45 - n**4/6 - 4*n. Let u(q) be the third derivative of v(q). Calculate u(-1).
-16
Suppose 3*b + g + 1 = 47, -2*g + 60 = 4*b. Let d = 13 - b. Let o(x) be the first derivative of -x**3/3 - 2*x**2 - 2*x - 1. Give o(d).
1
Suppose 5*q = -0*q - 3*t - 5, -2*q - 5*t = 21. Let v(h) = 3*h**2 - 5*h - 4. Let u(z) = -z**2. Let o(w) = q*u(w) + v(w). Calculate o(6).
2
Let w(h) = 9 + 0*h**2 - 6*h + h - h**2 + 12*h. Let z(d) = -d**2 - 6*d + 7. Let k be z(-6). Give w(k).
9
Let l(g) be the second derivative of -g**3/2 + g**2 + 16*g. Let o = 8 - 4. What is l(o)?
-10
Let f(x) = -2*x - 3. Let a(l) be the second derivative of -l**5/20 - 5*l**4/12 + l**3 - 5*l**2/2 - 6*l. Let q be a(-6). Give f(q).
7
Let q(g) be the second derivative of g**4/12 - 2*g**3/3 - 4*g**2 + 4*g. Give q(6).
4
Let o = -1 - -5. Let h be 34/8 + (-1)/o. Let c(d) be the third derivative of d**5/30 - 7*d**4/24 + d**3 + 69*d**2 - 1. Give c(h).
10
Let z(r) = 2*r**2 - 2*r + 2. Suppose s - 6*s = 0. Suppose -4*o + 3*j - 2 + 4 = s, 2*o + 3*j = 10. Calculate z(o).
6
Let z(w) = w + 0 - 3*w + 4. Let l = 1 + -1. Suppose l = 2*d - 3*d + 3. Determine z(d).
-2
Let t(p) = p**3 + 5*p**2 + 2*p - 1. Let b be t(-4). Let n(c) = c**2 - 7*c - 1. Give n(b).
-1
Suppose 3*o + 10 = o. Let n(s) = s + 12. Give n(o).
7
Let x(p) = p**3 + 5*p**2 + 4*p - 3. Suppose -2*c = 9 - 1. Give x(c).
-3
Let i(z) = z**2 + 6*z - 4. Let b(d) = -d**2 - 6*d + 4. Let a(t) = -3*b(t) - 2*i(t). Let q(l) = -2*l**2 + l. Let j be q(2). Determine a(j).
-4
Let x(f) = f**2 + 6*f - 11. Let b be x(-8). Suppose 0 = s - b + 1. Let n(a) = 2*a**2 - 4*a - 5. What is n(s)?
11
Let s = -8 + 8. Let q(c) = -c - 7. Determine q(s).
-7
Let c(t) be the first derivative of -2 + 2*t + 3/2*t**2. Give c(-5).
-13
Let k be 2/((6/3*1)/(-1)). Let t(y) = -4*y**3. Give t(k).
4
Let q be 0 - 1 - (-6)/(-3). Let z(w) = -7*w + w**2 + 2*w**2 - w**2 + w**3. Let j(v) = -v**3 - 2*v**2 + 6*v. Let a(k) = -5*j(k) - 4*z(k). Determine a(q).
-3
Let u(d) be the second derivative of d**4/12 + 3*d**3/2 + 3*d**2/2 - 6*d. Calculate u(-9).
3
Suppose 2*l - 18 = 4*p, 0*p - 15 = -4*l + p. Let m be l*(-1 - 21/(-9)). Let r(a) be the first derivative of a**2/2 - 6*a + 1. What is r(m)?
-2
Let a = 6 + -4. Let p(g) = -g**2 + g + 0*g + 0*g**3 - a*g - 6 - g**3. Determine p(0).
-6
Let g(q) be the first derivative of 1/3*q**3 + 5/2*q**2 + 5 - 3*q. Suppose -6*i + i - 30 = 0. Determine g(i).
3
Suppose 5*s = 6*s - 2. Let i(l) = -4*l + s + 11*l + 5*l - 3. Determine i(1).
11
Let v = -1 + 1. Let j(s) be the second derivative of 0*s**2 - 1/2*s**3 + 2*s + v. Give j(-3).
9
Let s(l) = 9*l**2 + 4*l + 3. Let m(d) = -17*d**2 - 9*d - 7. Let u(b) = 4*m(b) + 9*s(b). What is u(-1)?
12
Let l(z) = -1. Let y(j) = j - 6. Let q(w) = 2*l(w) - y(w). Give q(0).
4
Let h(u) = u**2 - 3*u + 2. Let n be h(2). Suppose 2*i = 3*y - 8, -2*i - 9 = 2*y - 1. Let x(l) = -8 + y - 4 - 2*l**2 + l**2. Calculate x(n).
-12
Suppose 3*g - d - 5 = 0, -5*d + 5 = -0*d. Suppose g*f = -12 + 2. Let w(y) = -y + 6. Give w(f).
11
Let f = 2 - 3. Let v(c) = 2*c**2. Let i be v(-1). Let h(g) = 1 - 3*g**i + 0*g**2 + g - 3*g**2. Determine h(f).
-6
Let w be 2*(-7 + 4)/(-3). Let i(a) = -w + 9 + 4*a - 3*a. Calculate i(-5).
2
Let l(k) = -k**2 - k + 2. Let u be l(0). Let w(c) = 2*c**2 - 6*c. Let h(y) = 3*y**2 - 11*y + 1. Let t(v) = 3*h(v) - 5*w(v). What is t(u)?
-7
Suppose -q = -0*q + 2. Let s(u) be the third derivative of -u**6/120 - u**5/20 + u**4/24 - u**3/6 + 2*u**2. Give s(q).
-7
Let d(k) = -k - 13 + 15 - 3 + 16. What is d(0)?
15
Let r(h) = h**2 + 9*h + 5. Let j(x) = -2*x**2 - 22*x - 12. Let n(s) = 5*j(s) + 12*r(s). Determine n(3).
12
Let r(x) = -6*x**2 + 8*x + x**2 + 6*x**2 - 6. Give r(-7).
-13
Let g(p) = -5*p - 1. Let i(s) = -5*s - 4. Let c be i(-3). Let z = -9 + c. Determine g(z).
-11
Let m(n) = -n**2 - 5*n - 3. Let y be m(-3). Let a(l) = l**2 - l**y - 6*l - 6*l**2 + 10*l - 7 + 2. Determine a(-6).
7
Let n be 3/(3/(-6)*2). Let g = -4 - -9. Let a = g + n. Let s(m) = m**3 - 3*m**2 + 4*m - 2. Determine s(a).
2
Let t(n) = -n**3 - 6*n**2 - 7*n + 1. Let v = -3 + 5. Suppose -3*f + 19 = -v. Let c = f - 12. Calculate t(c).
11
Let j(h) = 0 - 1 + 12 + 2*h - 3. Give j(-8).
-8
Let l(a) = -3*a**2 - a + 3. Let c(r) = -r. Let g(j) = -j**2 - 3*j + 1. Let m(i) = 3*c(i) - g(i). Let f(h) = 2*l(h) + 5*m(h). Let p = -18 - -16. What is f(p)?
1
Let n be 1/4 - 50/8. Let t = -8 - n. Let g(j) = 2*j**2 - 7*j + 2. Let k(l) = l**2 - 6*l + 1. Let w(d) = -3*g(d) + 4*k(d). Give w(t).
-4
Let d(q) be the third derivative of q**4/24 + 7*q**2. Calculate d(2).
2
Let r(u) be the second derivative of -u**5/20 - u**4/6 - 4*u. Give r(-2).
0
Let i(z) = 2*z - 2. Let d(y) = -1. Suppose 0 = -6*s + 2*s + 8. Suppose -x - 4*u + 4 = s, 3*u - 6 = -3*x. Let k(v) = x*d(v) + i(v). Calculate k(-3).
-10
Let g(s) = 3143 - 3146 - 3*s - 2*s. Give g(-2).
7
Let m(p) = 5*p**2 + p. Let z(h) = -4*h**2 - 2*h + 1. Suppose 0 = -3*t + 2*n - 18, 5*t + 30 = n - 3*n. Let q(j) = t*z(j) - 5*m(j). Determine q(5).
4
Let v(k) be the first derivative of k**3/3 - 5*k**2/2 - 5*k - 3. Let a be v(6). Let i(u) = -4*u**2 - 1. Determine i(a).
-5
Let s = 4 - 3. Let o(r) = r**2 - s + 6*r + 0 - 8. What is o(-7)?
-2
Let l(m) = m**2 - 5*m - 8. Let p = -61 - -67. What is l(p)?
-2
Let z = -20 - -10. Let r = z - -12. Let i(k) = 2*k**2 - 2. What is i(r)?
6
Let a(s) = 5*s - 4. Let d = -63 + 60. Calculate a(d).
-19
Let y(w) be the first derivative of 1/6*w**3 + 0*w + 1/2*w**2 - 1/12*w**4 - 1/15*w**5 - 1/120*w**6 + 1. Let t(a) be the second derivative of y(a). Give t(-2).
-3
Let t be 1/5 + (-1576)/(-20). Let x(p) = -t*p + 3*p**3 - 1 - 6*p**3 + 80*p. Give x(1).
-3
Suppose -4*x - 12 = 0, -11 = 2*g - 0*x + 5*x. Let d(v) = 0*v - 5*v**g - 2*v**3 + v + 6*v**2. Determine d(-1).
2
Let v(g) be the second derivative of g**5/20 - 5*g**4/12 + 5*g**3/6 - 3*g**2/2 + 11*g. Give v(3).
-6
Suppose 2*k + 2*h - 1 + 3 = 0, 0 = -5*h + 5. Let b(j) = 6*j - 40. Let o(i) = i - 8. Let v(n) = k*b(n) + 11*o(n). What is v(0)?
-8
Let d(r) be the second derivative of r**4/3 + r**2/2 + 3*r. Suppose -3 + 8 = -5*t. What is d(t)?
5
Let a(k) = 2*k - 3 + 3 + k**2 + 2. Calculate a(3).
17
Let z(m) = m**2 + 6*m + 2. Let h(l) = -l**2 - l - 4. Let w be h(-3). Let s be w/(-55) - 92/22. Let i(x) = -x**2 - 4*x - 3. Let f be i(s). Calculate z(f).
-7
Let t(k) = -7*k**2 - 11*k + 1. Let g(u) = -8*u**2 - 12*u + 1. Let d(l) = -6*g(l) + 7*t(l). Give d(-5).
1
Let i(m) = -15*m**2 - 1. Let r(h) = h**2 + 3*h + 3. Let o be r(-1). Give i(o).
-16
Let y(m) = 5*m - 2*m - 11 - 3*m + m. Determine y(5).
-6
Let b(v) = 14*v**3 - 20*v**2 - 3*v + 3. Let p(g) = -5*g**3 + 7*g**2 + g - 1. Let c(z) = -4*b(z) - 11*p(z). Let u = 12 - 25. Let l = -10 - u. What is c(l)?
2
Let z(n) = n - 9. Let v be (-1 - -3)/(-2 + 4). Let a = 4 + v. What is z(a)?
-4
Let c(i) = i**3 + 4*i**2 - 5*i. Suppose 0 = 3*l + x, 2*l + 3 = x + 8. Let p be ((-3 - l) + -1)*1. Give c(p).
0
Suppose 3*a + 24 = 93. Let b(n) = 0*n - 5*n + 0*n - a. Let v(k) = k + 4. Let f(m) = -6*b(m) - 34*v(m). Give f(2).
-6
Let u(q) = -q**3 + 5*q**2 - 4*q. Let p = -32 + 35. Determine u(p).
6
Let f(o) be the second derivative of 4*o**3/3 - o**2/2 - 20*o. Give f(-2).
-17
Let b be (3/(-9))/((-6)/36). Let u(j) = 15*j**3 - 6*j - 16*j**3 + 6*j**2 + j**b - 2. What is u(6)?
-2
Let w(v) 